 2*j**3 - 138*j**2 - 401*j + 27669. What is l(69)?
0
Let f(d) = -d**3 + 92*d**2 - 296*d - 2969. Calculate f(8).
39
Let p(o) = -2836*o - 317677. Calculate p(-112).
-45
Let o(l) = -3*l**3 - 1396*l**2 - 346*l + 55342. What is o(-465)?
7
Let j(a) = -5*a**2 - 212*a + 212. Calculate j(1).
-5
Let t(p) = 27*p - 1103. Give t(61).
544
Let d(p) = -3*p**2 - 7*p + 340. Calculate d(-27).
-1658
Let f(z) = -3*z**2 - 852*z - 33986. Calculate f(-236).
-2
Let k(l) = -1061*l + 5656. What is k(6)?
-710
Let q(u) = 18*u**2 + 85*u - 769. Give q(8).
1063
Let s(a) = -2*a**2 + 572*a - 18453. Calculate s(37).
-27
Let w(g) = -g**3 + 139*g**2 - 921*g - 392. Calculate w(132).
4
Let f(t) = -3*t**3 + 76*t**2 - 2029*t + 54071. Determine f(26).
-35
Let d(k) = -5*k**3 - 57*k**2 - 2079*k - 22623. What is d(-11)?
4
Let d(i) = 2*i**3 + 261*i**2 + 6700*i + 514. Give d(-35).
-11
Let r(d) = 91*d - 2172. Determine r(31).
649
Let l(y) = 2*y**3 - 21*y**2 - 13685*y + 123400. Calculate l(9).
-8
Let v(q) = q**3 - 28*q**2 - 144*q + 395. Give v(32).
-117
Let n(m) = 24269*m - 72800. Determine n(3).
7
Let q(u) = u**2 + 2658*u + 60578. Determine q(-23).
-27
Let n(u) = -u**2 - 1628*u + 54765. Calculate n(33).
-48
Let v(a) = -7*a**2 + 434*a - 230. Determine v(59).
1009
Let o(u) = -15465*u - 5242634. Give o(-339).
1
Let t(o) = -281*o + 10397. Determine t(38).
-281
Let g(n) = -n**2 - 760*n - 21209. Determine g(-29).
-10
Let o(k) = -101*k + 648. Give o(-1).
749
Let s(i) = -145*i**2 - i + 2594. Give s(0).
2594
Let z(b) = 2*b**2 - 1575*b + 203653. Calculate z(163).
66
Let k(v) = -42985*v + 515738. Give k(12).
-82
Let g(x) = 45639*x + 182558. What is g(-4)?
2
Let g(j) = -2101*j + 142821. Give g(68).
-47
Let w(n) = -n**3 + 457*n**2 - 38870*n - 204. Calculate w(113).
22
Let r(d) = -d**2 - 182*d - 2720. Calculate r(-165).
85
Let f(n) = -53*n + 422. What is f(8)?
-2
Let o(j) = -2*j**2 - 10456*j - 104433. Calculate o(-10).
-73
Let j(t) = 35*t**3 - 312*t**2 + 7*t - 116. Calculate j(9).
190
Let q(y) = -4128*y + 318054. Calculate q(77).
198
Let q(n) = -33602*n + 504023. Determine q(15).
-7
Let q(z) = -11*z**2 - 63*z + 622. What is q(-17)?
-1486
Let t(i) = 103*i**2 - 2094*i + 672. Determine t(20).
-8
Let s(k) = 2*k**3 - 100*k**2 - 670*k - 146. Give s(56).
-34
Let o(b) = -b**2 - 20558*b - 123337. Give o(-6).
-25
Let l(q) = 66*q**2 - 5347*q + 218. Give l(81).
137
Let o(j) = -3*j**3 + 349*j**2 - 458*j + 31. Give o(115).
261
Let r(h) = h**3 + 12*h**2 - 165*h + 507. Give r(-21).
3
Let u(a) = -359966*a + 1799836. What is u(5)?
6
Let m(g) = 8722*g - 3323086. What is m(381)?
-4
Let k(h) = 309*h - 204. Calculate k(4).
1032
Let x(j) = -j**2 - 862*j - 57603. Give x(-73).
-6
Let s(n) = 1341*n - 26157. Calculate s(20).
663
Let u(o) = -5984*o - 1663543. Give u(-278).
9
Let x(d) = 957*d + 161728. Give x(-169).
-5
Let a(j) = -j**2 + 106*j - 1262. Give a(88).
322
Let g(z) = -5086*z + 773133. Determine g(152).
61
Let f(i) = 35*i**3 - 3*i**2 - 626*i + 629. Calculate f(1).
35
Let k(o) = 3*o**3 - 216*o**2 - 13*o + 240. Calculate k(72).
-696
Let b(z) = 2*z**2 - 333*z + 7394. Calculate b(27).
-139
Let s(u) = u**2 + 446059*u - 8921580. Determine s(20).
0
Let x(p) = -6822*p - 1678214. Determine x(-246).
-2
Let t(v) = 2*v**3 - 1116*v**2 - 3326*v + 4. What is t(-3)?
-116
Let o(h) = -h**3 - 96*h**2 + 293*h + 7. What is o(3)?
-5
Let z(u) = -3*u**3 - 9*u**2 + 1405*u + 4211. What is z(-3)?
-4
Let j(t) = t**2 + 233*t - 12882. What is j(45)?
-372
Let q(s) = -2*s**3 - 474*s**2 + 413*s - 15014. Give q(-238).
-20
Let k(f) = -481599*f + 963204. Determine k(2).
6
Let s(r) = r**2 + 474*r - 4183. What is s(9)?
164
Let p(z) = -2*z**3 + 39*z**2 + 468*z - 4. Calculate p(-9).
401
Let w(u) = u**3 + 64*u**2 - 5378*u + 92. What is w(48)?
-4
Let n(p) = 9*p**3 + 684*p**2 + p - 49. Calculate n(-76).
-125
Let k(l) = -l**3 + 32*l**2 - 218*l - 1470. What is k(19)?
-919
Let y(j) = 593*j - 20228. Determine y(34).
-66
Let j(w) = -38*w - 6200. Determine j(-132).
-1184
Let x(c) = c**3 - 7*c**2 - 352*c - 348. Calculate x(-15).
-18
Let a(y) = 4*y**2 - 1170*y - 11947. Give a(-10).
153
Let r(d) = -d**2 + 10*d - 356. Give r(21).
-587
Let h(w) = 1280*w**2 + 35852*w + 348. Give h(-28).
12
Let a(q) = 5*q**2 + 82588*q - 82587. What is a(1)?
6
Let p(q) = 11024*q - 110663. Determine p(10).
-423
Let n(c) = 66*c**3 - 44*c**2 + 7*c - 11. Give n(4).
3537
Let l(i) = -18*i**3 + i**2 - 1010*i - 1012. What is l(-1)?
17
Let o(r) = -191911*r + 959560. Determine o(5).
5
Let v(y) = -y**3 - 16*y**2 + 3049*y + 36548. Calculate v(-12).
-616
Let j(x) = 145*x**2 + 261*x - 1. Determine j(3).
2087
Let w(o) = 2842*o - 198880. Give w(70).
60
Let a(i) = 3*i**3 - 11*i**2 + 240*i - 5288. Determine a(11).
14
Let s(o) = o**3 + 44*o**2 + 304*o + 152. Determine s(-35).
537
Let h(m) = -7*m**2 + 1193155*m + 1193156. Give h(-1).
-6
Let g(x) = -87*x**3 + 22*x - 35. Determine g(2).
-687
Let p(y) = -21448*y + 128682. What is p(6)?
-6
Let q(v) = -2*v**3 - 327*v**2 + 127*v - 6145. What is q(-164)?
-77
Let d(v) = -4*v**2 - 112*v - 9. Determine d(-10).
711
Let t(n) = -10*n**2 + 108*n + 2378. Give t(-11).
-20
Let j(b) = -64*b - 99. Determine j(-3).
93
Let n(v) = 10*v**3 - 9*v**2 + 238*v + 1076. Give n(-4).
-660
Let j(g) = -g**3 + 35*g**2 - 212*g - 332. Give j(26).
240
Let l(u) = -54961*u - 439749. Calculate l(-8).
-61
Let u(g) = 2*g**3 + 16*g**2 + 11*g - 19. Give u(-3).
38
Let z(i) = -2330*i - 53576. What is z(-23)?
14
Let b(p) = 164062*p - 820312. Give b(5).
-2
Let z(k) = -2*k**3 + 11*k**2 - 102*k + 1505. What is z(9)?
20
Let t(w) = -13*w**3 + 200*w**2 + 698*w - 11600. Determine t(15).
-5
Let d(b) = -b**3 - 122*b**2 - 41*b + 23900. Give d(-120).
20
Let v(f) = 6*f**2 - 48*f - 1302. Determine v(-16).
1002
Let q(m) = -43176*m - 172947. Calculate q(-4).
-243
Let q(w) = 2*w**3 + 233*w**2 + 45*w - 6914. What is q(-116)?
1322
Let r(c) = 4636*c - 2016668. What is r(435)?
-8
Let w(l) = 159*l**3 + 13*l**2 + 25*l - 2. Give w(-2).
-1272
Let j(a) = -a**3 + 18*a**2 - 854*a + 15299. Calculate j(18).
-73
Let a(u) = -u**2 - 19*u + 788. Determine a(-28).
536
Let o(t) = 2*t**3 + t**2 - 73*t + 148. Determine o(6).
178
Let y(u) = -544*u - 5995. Calculate y(-11).
-11
Let j(f) = f**3 + 60*f**2 - 6*f - 886. Calculate j(-60).
-526
Let n(j) = 8068*j - 129128. Give n(16).
-40
Let s(f) = f**3 + 80*f**2 - 395*f - 32. Give s(5).
118
Let b(v) = -1457*v - 993558. Calculate b(-682).
116
Let n(y) = 14103*y + 4287341. Give n(-304).
29
Let x(k) = k**2 - 4097*k + 36782. Determine x(9).
-10
Let k(s) = -874*s - 1542. Determine k(-1).
-668
Let i(z) = -45*z**3 - 326*z**2 - 126*z - 364. Determine i(-7).
-21
Let r(z) = -25*z**3 + 3722*z**2 + 463*z - 2258. Calculate r(149).
126
Let u(b) = b**2 - 1271*b - 119560. What is u(-88)?
32
Let g(p) = 103747*p - 311276. Determine g(3).
-35
Let y(j) = -j**2 + 1528*j + 21591. Calculate y(-14).
3
Let m(v) = v**2 + 184*v - 1279. What is m(0)?
-1279
Let o(p) = -3*p**3 + 1388*p**2 - 2308*p + 1376. Determine o(461).
-7
Let s(o) = 3*o**2 + 138*o - 5001. What is s(25)?
324
Let d(b) = -356*b - 3927. Determine d(-14).
1057
Let d(q) = q**3 - 21*q**2 - 1142*q + 6246. Determine d(5).
136
Let k(a) = 18771*a + 75064. Calculate k(-4).
-20
Let m(r) = -4170*r + 54154. Calculate m(13).
-56
Let j(b) = 321966*b - 1. Give j(0).
-1
Let s(y) = -y**3 + 8*y**2 + 78991*y - 395029. Calculate s(5).
1
Let i(s) = 4203*s - 2710967. Give i(645).
-32
Let z(r) = -5*r**3 + 582*r**2 - 14*r - 25284. What is z(116)?
4
Let i(o) = o**3 + 1112*o**2 - 7744*o + 7. Determine i(7).
630
Let z(y) = 9*y**2 + 11*y + 22. Give z(-8).
510
Let t(q) = -q**3 - 603*q**2 - 5884*q + 510. Give t(-10).
50
Let o(b) = 454*b + 11734. What is o(-26)?
-70
Let b(l) = -491*l + 266149. Calculate b(542).
27
Let m(x) = x**3 + 106*x**2 - 182*x - 8021. Give m(-107).
4
Let a(p) = 7*p**2 - 62*p - 3578. Give a(-27).
3199
Let n(p) = 3*p**2 + 283*p + 2060. What is n(-8)?
-12
Let t(g) = -g**3 - 27*g**2 + 117*g + 796. What is t(-30)?
-14
Let x(y) = -12*y**3 + 96*y**2 + 4953*y - 39697. Calculate x(8).
-73
Let l(t) = -87*t + 263. Determine l(-2).
437
Let q(g) = -g**3 - 123*g**2 + 378*g + 38. What is q(-126)?
38
Let p(r) = -1134*r + 178014. What is p(157)?
-24
Let g(a) = 42*a + 3224. Determine g(-74).
116
Let t(i) = 3*i**3 - 1007*i**2 - 432*i + 32262. Calculate t(336).
6
Let j(w) = w**2 - 250097*w